{"id":283,"date":"2020-08-01T17:16:55","date_gmt":"2020-08-01T20:16:55","guid":{"rendered":"https:\/\/edificadorauniversal.com.ar\/?page_id=283"},"modified":"2020-09-28T15:47:07","modified_gmt":"2020-09-28T18:47:07","slug":"plantas-automotrices","status":"publish","type":"page","link":"https:\/\/edificadorauniversal.com.ar\/index.php\/plantas-automotrices\/","title":{"rendered":"Plantas Automotrices"},"content":{"rendered":"\n<figure class=\"wp-block-gallery aligncenter columns-3 is-cropped\"><ul class=\"blocks-gallery-grid\"><li class=\"blocks-gallery-item\"><figure><img loading=\"lazy\" width=\"800\" height=\"453\" src=\"https:\/\/edificadorauniversal.com.ar\/wp-content\/uploads\/2020\/08\/Centro-Industrial-Cordoba-Volkswagen-interna3-cba.jpg\" alt=\"\" data-id=\"287\" data-full-url=\"https:\/\/edificadorauniversal.com.ar\/wp-content\/uploads\/2020\/08\/Centro-Industrial-Cordoba-Volkswagen-interna3-cba.jpg\" data-link=\"https:\/\/edificadorauniversal.com.ar\/index.php\/plantas-automotrices\/centro-industrial-cordoba-volkswagen-interna3-cba\/\" class=\"wp-image-287\" srcset=\"https:\/\/edificadorauniversal.com.ar\/wp-content\/uploads\/2020\/08\/Centro-Industrial-Cordoba-Volkswagen-interna3-cba.jpg 800w, https:\/\/edificadorauniversal.com.ar\/wp-content\/uploads\/2020\/08\/Centro-Industrial-Cordoba-Volkswagen-interna3-cba-300x170.jpg 300w, https:\/\/edificadorauniversal.com.ar\/wp-content\/uploads\/2020\/08\/Centro-Industrial-Cordoba-Volkswagen-interna3-cba-768x435.jpg 768w\" sizes=\"(max-width: 800px) 100vw, 800px\" \/><\/figure><\/li><li class=\"blocks-gallery-item\"><figure><img loading=\"lazy\" width=\"564\" height=\"332\" src=\"https:\/\/edificadorauniversal.com.ar\/wp-content\/uploads\/2020\/08\/GM-1.jpg\" alt=\"\" data-id=\"301\" data-full-url=\"https:\/\/edificadorauniversal.com.ar\/wp-content\/uploads\/2020\/08\/GM-1.jpg\" data-link=\"https:\/\/edificadorauniversal.com.ar\/index.php\/plantas-automotrices\/gm-2\/\" class=\"wp-image-301\" srcset=\"https:\/\/edificadorauniversal.com.ar\/wp-content\/uploads\/2020\/08\/GM-1.jpg 564w, https:\/\/edificadorauniversal.com.ar\/wp-content\/uploads\/2020\/08\/GM-1-300x177.jpg 300w\" sizes=\"(max-width: 564px) 100vw, 564px\" \/><\/figure><\/li><li class=\"blocks-gallery-item\"><figure><img loading=\"lazy\" width=\"960\" height=\"640\" src=\"https:\/\/edificadorauniversal.com.ar\/wp-content\/uploads\/2020\/08\/Mercedes-Benz-Planta.jpg\" alt=\"\" data-id=\"288\" data-full-url=\"https:\/\/edificadorauniversal.com.ar\/wp-content\/uploads\/2020\/08\/Mercedes-Benz-Planta.jpg\" data-link=\"https:\/\/edificadorauniversal.com.ar\/index.php\/plantas-automotrices\/mercedes-benz-planta\/\" class=\"wp-image-288\" srcset=\"https:\/\/edificadorauniversal.com.ar\/wp-content\/uploads\/2020\/08\/Mercedes-Benz-Planta.jpg 960w, https:\/\/edificadorauniversal.com.ar\/wp-content\/uploads\/2020\/08\/Mercedes-Benz-Planta-300x200.jpg 300w, https:\/\/edificadorauniversal.com.ar\/wp-content\/uploads\/2020\/08\/Mercedes-Benz-Planta-768x512.jpg 768w\" sizes=\"(max-width: 960px) 100vw, 960px\" \/><\/figure><\/li><\/ul><\/figure>\n\n\n\n<p><span style=\"color:#b39573\" class=\"has-inline-color\"><strong>GENERAL MOTORS ARGENTINA | PLANTA AUTOMOTRIZ ROSARIO<\/strong> | <strong>Moraes Dantas Constructora Internacional<br><\/strong><\/span>Conjuntamente con la firma <em>Moraes Dantas Constructora Internacional<\/em>, han ejecutado los trabajos para la instalaci\u00f3n de la Planta de General Motors, habi\u00e9ndose realizado los siguientes trabajos,\u00a0 con provisi\u00f3n de materiales, mano de obra y equipos con el desarrollo de la Ingenier\u00eda de Detalle y <br>la Ejecuci\u00f3n Integral de los Trabajos:<br>L\u00edneas A\u00e9reas de 33 Kv.\u00a0 y de 13,2 Kv., 1 Subestaci\u00f3n Transformadoras 33 \u2013 13,2 Kv. y 7 Subestaciones Transformadoras 33 \u2013 04 Kv. y 13,2 \u2013 0.4 Kv.<br>Iluminaci\u00f3n Gral. del predio, \u00c1reas de Trabajo y \u00c1reas de Servicios.<br><span style=\"color:#b39573\" class=\"has-inline-color\"><strong>Areas WareHouse (18.000 m2)<\/strong><br><\/span>Instalaciones el\u00e9ctricas y electromec\u00e1nicas, Sistemas de Puesta a Tierra, Iluminaci\u00f3n, Sistema de detecci\u00f3n de Incendios, Fuerza Motriz y Tableros.<br><span style=\"color:#b39573\" class=\"has-inline-color\"><strong>Edificios: Administraci\u00f3n, Restaurante y Auditorio<\/strong><br><\/span>Instalaci\u00f3n el\u00e9ctrica y electromec\u00e1nica completa con provisi\u00f3n de Materiales y Mano de Obra, equipos y Ingenier\u00eda de Detalle<br><span style=\"color:#b39573\" class=\"has-inline-color\"><strong>Edificios Auxiliares<\/strong><br><\/span>Instalaci\u00f3n el\u00e9ctrica y electromec\u00e1nica completa con provisi\u00f3n de Materiales y Mano de Obra, equipos y Ingenier\u00eda de Detalle<br><span style=\"color:#b39573\" class=\"has-inline-color\"><strong>Undergrounds<\/strong><br><\/span>Infraestructura el\u00e9ctrica de la totalidad de la Planta de General Motos<br>Potencia, Iluminaci\u00f3n, Telefon\u00eda, Datos y Automatizaci\u00f3n, Canalizaciones, C\u00e1maras<\/p>\n\n\n\n<p><span style=\"color:#b39573\" class=\"has-inline-color\"><strong>PLANTA GENERAL MOTORS EN ROSARIO <\/strong> | <strong>SENSOR MATIC<\/strong> <strong>SA<\/strong><br><\/span>Se realiz\u00f3 la provisi\u00f3n y el montaje de los equipos para la Seguridad Electr\u00f3nica y Control de Accesos de toda la Planta Automotriz.<\/p>\n\n\n\n<p><span style=\"color:#b39573\" class=\"has-inline-color\"><strong>AUTOLATINA SA |<\/strong> <strong>FORD MOTORS ARGENTINA SA y VOLKWAGEN ARGENTINA SA<\/strong><br><\/span>Instalaci\u00f3n el\u00e9ctrica, aire comprimido y termomec\u00e1nica, celdas de 13,2 Kv. Tableros Generales, blindobarras , Fuerza Motriz, Iluminaci\u00f3n, ramales.<\/p>\n\n\n\n<p><span style=\"color:#b39573\" class=\"has-inline-color\"><strong>AUTOLATINA SA | PLANTA TRANSAX <strong>|<\/strong> CORDOBA<\/strong><br><\/span>Montaje electromec\u00e1nico en edificio de Producci\u00f3n<br>Instalaci\u00f3n el\u00e9ctrica y baja tensi\u00f3n en edificio de Administraci\u00f3n<br>Montaje electromec\u00e1nico, bombas de Pozo y veh\u00edculos Industriales<br>Provisi\u00f3n de Instalaci\u00f3n, sistema de detecci\u00f3n de Incendio y centro distribuidor de Planta.<\/p>\n\n\n\n<p><span style=\"color:#b39573\" class=\"has-inline-color\"><strong>PLANTA MERCEDES BENZ<\/strong> <strong>|<\/strong> <strong>EMCO SA CONSTRUCCIONES JUST IN TIME SA | DIMLER CHRYSLET ARGENTINA SA<\/strong><br><\/span>Ejecuci\u00f3n de proyecto ejecutivo e ingenier\u00eda de detalle correspondiente a nueva nave Planta 5.<br>Ejecuci\u00f3n de instalaciones el\u00e9ctricas, fuerza motriz, Pararrayos. Construcci\u00f3n y montaje de Tableros. Tendido de ramales. Iluminaci\u00f3n exterior.<br>Subestaci\u00f3n transformadora. Detecci\u00f3n de Incendio. Telefon\u00eda y datos.<\/p>\n\n\n\n<figure class=\"wp-block-image alignwide size-large\"><a href=\"https:\/\/edificadorauniversal.com.ar\/\" target=\"_blank\" rel=\"noopener noreferrer\"><img loading=\"lazy\" width=\"712\" height=\"350\" src=\"https:\/\/edificadorauniversal.com.ar\/wp-content\/uploads\/2020\/08\/volver.jpg\" alt=\"\" class=\"wp-image-355\" srcset=\"https:\/\/edificadorauniversal.com.ar\/wp-content\/uploads\/2020\/08\/volver.jpg 712w, https:\/\/edificadorauniversal.com.ar\/wp-content\/uploads\/2020\/08\/volver-300x147.jpg 300w\" sizes=\"(max-width: 712px) 100vw, 712px\" \/><\/a><\/figure>\n","protected":false},"excerpt":{"rendered":"<p>GENERAL MOTORS ARGENTINA | PLANTA AUTOMOTRIZ ROSARIO | Moraes Dantas Constructora InternacionalConjuntamente con la firma Moraes Dantas Constructora Internacional, han ejecutado los trabajos para la instalaci\u00f3n de la Planta de General Motors, habi\u00e9ndose realizado los siguientes trabajos,\u00a0 con provisi\u00f3n de materiales, mano de obra y equipos con el desarrollo de la Ingenier\u00eda de Detalle y [&hellip;]<\/p>\n","protected":false},"author":1,"featured_media":0,"parent":0,"menu_order":0,"comment_status":"closed","ping_status":"closed","template":"","meta":{"site-sidebar-layout":"default","site-content-layout":"default","ast-site-content-layout":"","site-content-style":"default","site-sidebar-style":"default","ast-global-header-display":"","ast-banner-title-visibility":"","ast-main-header-display":"","ast-hfb-above-header-display":"","ast-hfb-below-header-display":"","ast-hfb-mobile-header-display":"","site-post-title":"","ast-breadcrumbs-content":"","ast-featured-img":"","footer-sml-layout":"","theme-transparent-header-meta":"default","adv-header-id-meta":"","stick-header-meta":"","header-above-stick-meta":"","header-main-stick-meta":"","header-below-stick-meta":"","astra-migrate-meta-layouts":"default","ast-page-background-enabled":"default","ast-page-background-meta":{"desktop":{"background-color":"var(--ast-global-color-4)","background-image":"","background-repeat":"repeat","background-position":"center center","background-size":"auto","background-attachment":"scroll","background-type":"","background-media":"","overlay-type":"","overlay-color":"","overlay-opacity":"","overlay-gradient":""},"tablet":{"background-color":"","background-image":"","background-repeat":"repeat","background-position":"center center","background-size":"auto","background-attachment":"scroll","background-type":"","background-media":"","overlay-type":"","overlay-color":"","overlay-opacity":"","overlay-gradient":""},"mobile":{"background-color":"","background-image":"","background-repeat":"repeat","background-position":"center center","background-size":"auto","background-attachment":"scroll","background-type":"","background-media":"","overlay-type":"","overlay-color":"","overlay-opacity":"","overlay-gradient":""}},"ast-content-background-meta":{"desktop":{"background-color":"var(--ast-global-color-5)","background-image":"","background-repeat":"repeat","background-position":"center center","background-size":"auto","background-attachment":"scroll","background-type":"","background-media":"","overlay-type":"","overlay-color":"","overlay-opacity":"","overlay-gradient":""},"tablet":{"background-color":"var(--ast-global-color-5)","background-image":"","background-repeat":"repeat","background-position":"center center","background-size":"auto","background-attachment":"scroll","background-type":"","background-media":"","overlay-type":"","overlay-color":"","overlay-opacity":"","overlay-gradient":""},"mobile":{"background-color":"var(--ast-global-color-5)","background-image":"","background-repeat":"repeat","background-position":"center center","background-size":"auto","background-attachment":"scroll","background-type":"","background-media":"","overlay-type":"","overlay-color":"","overlay-opacity":"","overlay-gradient":""}}},"_links":{"self":[{"href":"https:\/\/edificadorauniversal.com.ar\/index.php\/wp-json\/wp\/v2\/pages\/283"}],"collection":[{"href":"https:\/\/edificadorauniversal.com.ar\/index.php\/wp-json\/wp\/v2\/pages"}],"about":[{"href":"https:\/\/edificadorauniversal.com.ar\/index.php\/wp-json\/wp\/v2\/types\/page"}],"author":[{"embeddable":true,"href":"https:\/\/edificadorauniversal.com.ar\/index.php\/wp-json\/wp\/v2\/users\/1"}],"replies":[{"embeddable":true,"href":"https:\/\/edificadorauniversal.com.ar\/index.php\/wp-json\/wp\/v2\/comments?post=283"}],"version-history":[{"count":11,"href":"https:\/\/edificadorauniversal.com.ar\/index.php\/wp-json\/wp\/v2\/pages\/283\/revisions"}],"predecessor-version":[{"id":420,"href":"https:\/\/edificadorauniversal.com.ar\/index.php\/wp-json\/wp\/v2\/pages\/283\/revisions\/420"}],"wp:attachment":[{"href":"https:\/\/edificadorauniversal.com.ar\/index.php\/wp-json\/wp\/v2\/media?parent=283"}],"curies":[{"name":"wp","href":"https:\/\/api.w.org\/{rel}","templated":true}]}}