{"id":45,"date":"2020-07-30T20:57:24","date_gmt":"2020-07-30T23:57:24","guid":{"rendered":"https:\/\/edificadorauniversal.com.ar\/?page_id=45"},"modified":"2020-09-28T15:58:47","modified_gmt":"2020-09-28T18:58:47","slug":"obras-ejecutadas","status":"publish","type":"page","link":"https:\/\/edificadorauniversal.com.ar\/index.php\/obras-ejecutadas\/","title":{"rendered":"Obras en Ejecuci\u00f3n"},"content":{"rendered":"\n<p><span style=\"color:#b39573\" class=\"has-inline-color\"><strong>CMC DI RAVENNA ARGENTINA BRANCH \u2013 OBRA: RIO SUBTERRANEO A LOMAS-AYSA<\/strong><br><\/span>Ejecuci\u00f3n del proyecto ejecutivo; Ingenier\u00eda de detalle de las instalaciones de Media y Baja Tensi\u00f3n, Fuerza Motriz; Celdas y Tableros; Subestaciones Transformadoras, Correcci\u00f3n del Factor de Potencia. Ramales de M.T. y B.T., c\u00e1lculos lum\u00ednicos, c\u00e1lculos de conductores de M.T. y B. T., Fibra \u00f3ptica, mallas y sistemas de puestas a tierra y gestiones ante EDESUR. Ejecuci\u00f3n de los trabajos de Instalaciones el\u00e9ctricas, Alumbrado P\u00fablico, tendido de ramales de BT y MT, mallas y sistemas de PAT, Tableros Grales y Seccionales, Montaje de Subestaciones transformadoras.<\/p>\n\n\n\n<p><span style=\"color:#b39573\" class=\"has-inline-color\"><strong>FIDEICOMISO MARINAS H. \u2013 OBRA: BARRIO CERRADO MARINAS H- TIGRE- PROV. DE BS.AS.<\/strong><br><\/span>Alumbrado p\u00fablico, Ejecuci\u00f3n de ca\u00f1eros; Montaje de columnas y luminarias; Puestas a tierra; Montaje de tableros; Tendido de conductores; Conexiones y puesta en marcha.<\/p>\n\n\n\n<p><span style=\"color:#b39573\" class=\"has-inline-color\"><strong>ABRANTES S.A. \u2013 OBRA: PLANTA INDUSTRIAL LOMA VERDE &#8211; ESCOBAR<\/strong><br><\/span>Ejecuci\u00f3n del proyecto ejecutivo; Instalaciones de Fuerza Motriz; Provisi\u00f3n y Montaje de Tableros; Correcci\u00f3n del Factor de Potencia, colocaci\u00f3n de instrumentos de medici\u00f3n de variables el\u00e9ctricas. Montaje e instalaci\u00f3n y mantenimiento de c\u00e1mara transformadora 800 kva \u2013 13.2\/0.400-0232 kv. Reemplazo de ramales alimentadores, puestas a tierra y gestiones ante Cooperativa El\u00e9ctrica.<\/p>\n\n\n\n<p><span style=\"color:#b39573\" class=\"has-inline-color\"><strong>ABRANTES S.A. \u2013 OBRA: PLANTA INDUSTRIAL LOS CARDALES &#8211; CAMPANA<\/strong><br><\/span>Ejecuci\u00f3n del proyecto ejecutivo; Instalaciones de Fuerza Motriz; Provisi\u00f3n y Montaje de Tableros; Correcci\u00f3n del Factor de Potencia. Tendido de nuevo ramal alimentador a la planta, puestas a tierra y gestiones ante EDEN.<\/p>\n\n\n\n<p><span style=\"color:#b39573\" class=\"has-inline-color\"><strong>ASHOKA CONSTRUCCIONES S.A. \u2013 OBRA: BANCO PROV. DE BS.AS. SUCURSAL SALTO<\/strong><br><\/span>Ingenier\u00eda el\u00e9ctrica, asesoramiento y confecci\u00f3n de documentaci\u00f3n t\u00e9cnica.<\/p>\n\n\n\n<p><span style=\"color:#b39573\" class=\"has-inline-color\"><strong>CLUB SANTA BARBARA \u2013 NORDELTA &#8211; TIGRE- PROV. DE BS.AS.<\/strong><br><\/span>Iluminaci\u00f3n de canchas de Futbol, Tenis, Hockey y Natatorio; Montaje de columnas y luminarias; Puestas a tierra; Montaje de tableros; Tendido de conductores; Conexiones y puesta en marcha.<\/p>\n\n\n\n<p><span style=\"color:#b39573\" class=\"has-inline-color\"><strong>CEDROS DORADOS S.A. \u2013 BARRIO PRIVADO EL BARRANCO- MANUEL ALBERTI-PILAR<\/strong><br><\/span>Subestaciones Transformadoras A\u00e9reas; Puestas a tierra; Provisi\u00f3n y montaje de Tableros; Tendido de conductores de baja y media tensi\u00f3n; Conexiones y puesta en marcha. Proyecto e Ingenier\u00eda ejecutiva.<\/p>\n\n\n\n<p>.<\/p>\n\n\n\n<figure class=\"wp-block-image alignwide size-large\"><a href=\"https:\/\/edificadorauniversal.com.ar\/\" target=\"_blank\" rel=\"noopener noreferrer\"><img loading=\"lazy\" width=\"712\" height=\"350\" src=\"https:\/\/edificadorauniversal.com.ar\/wp-content\/uploads\/2020\/08\/volver.jpg\" alt=\"\" class=\"wp-image-355\" srcset=\"https:\/\/edificadorauniversal.com.ar\/wp-content\/uploads\/2020\/08\/volver.jpg 712w, https:\/\/edificadorauniversal.com.ar\/wp-content\/uploads\/2020\/08\/volver-300x147.jpg 300w\" sizes=\"(max-width: 712px) 100vw, 712px\" \/><\/a><\/figure>\n","protected":false},"excerpt":{"rendered":"<p>CMC DI RAVENNA ARGENTINA BRANCH \u2013 OBRA: RIO SUBTERRANEO A LOMAS-AYSAEjecuci\u00f3n del proyecto ejecutivo; Ingenier\u00eda de detalle de las instalaciones de Media y Baja Tensi\u00f3n, Fuerza Motriz; Celdas y Tableros; Subestaciones Transformadoras, Correcci\u00f3n del Factor de Potencia. Ramales de M.T. y B.T., c\u00e1lculos lum\u00ednicos, c\u00e1lculos de conductores de M.T. y B. T., Fibra \u00f3ptica, mallas [&hellip;]<\/p>\n","protected":false},"author":1,"featured_media":0,"parent":0,"menu_order":0,"comment_status":"closed","ping_status":"closed","template":"","meta":{"site-sidebar-layout":"default","site-content-layout":"default","ast-site-content-layout":"","site-content-style":"default","site-sidebar-style":"default","ast-global-header-display":"","ast-banner-title-visibility":"","ast-main-header-display":"","ast-hfb-above-header-display":"","ast-hfb-below-header-display":"","ast-hfb-mobile-header-display":"","site-post-title":"","ast-breadcrumbs-content":"","ast-featured-img":"","footer-sml-layout":"","theme-transparent-header-meta":"default","adv-header-id-meta":"","stick-header-meta":"","header-above-stick-meta":"","header-main-stick-meta":"","header-below-stick-meta":"","astra-migrate-meta-layouts":"default","ast-page-background-enabled":"default","ast-page-background-meta":{"desktop":{"background-color":"var(--ast-global-color-4)","background-image":"","background-repeat":"repeat","background-position":"center center","background-size":"auto","background-attachment":"scroll","background-type":"","background-media":"","overlay-type":"","overlay-color":"","overlay-opacity":"","overlay-gradient":""},"tablet":{"background-color":"","background-image":"","background-repeat":"repeat","background-position":"center center","background-size":"auto","background-attachment":"scroll","background-type":"","background-media":"","overlay-type":"","overlay-color":"","overlay-opacity":"","overlay-gradient":""},"mobile":{"background-color":"","background-image":"","background-repeat":"repeat","background-position":"center center","background-size":"auto","background-attachment":"scroll","background-type":"","background-media":"","overlay-type":"","overlay-color":"","overlay-opacity":"","overlay-gradient":""}},"ast-content-background-meta":{"desktop":{"background-color":"var(--ast-global-color-5)","background-image":"","background-repeat":"repeat","background-position":"center center","background-size":"auto","background-attachment":"scroll","background-type":"","background-media":"","overlay-type":"","overlay-color":"","overlay-opacity":"","overlay-gradient":""},"tablet":{"background-color":"var(--ast-global-color-5)","background-image":"","background-repeat":"repeat","background-position":"center center","background-size":"auto","background-attachment":"scroll","background-type":"","background-media":"","overlay-type":"","overlay-color":"","overlay-opacity":"","overlay-gradient":""},"mobile":{"background-color":"var(--ast-global-color-5)","background-image":"","background-repeat":"repeat","background-position":"center center","background-size":"auto","background-attachment":"scroll","background-type":"","background-media":"","overlay-type":"","overlay-color":"","overlay-opacity":"","overlay-gradient":""}}},"_links":{"self":[{"href":"https:\/\/edificadorauniversal.com.ar\/index.php\/wp-json\/wp\/v2\/pages\/45"}],"collection":[{"href":"https:\/\/edificadorauniversal.com.ar\/index.php\/wp-json\/wp\/v2\/pages"}],"about":[{"href":"https:\/\/edificadorauniversal.com.ar\/index.php\/wp-json\/wp\/v2\/types\/page"}],"author":[{"embeddable":true,"href":"https:\/\/edificadorauniversal.com.ar\/index.php\/wp-json\/wp\/v2\/users\/1"}],"replies":[{"embeddable":true,"href":"https:\/\/edificadorauniversal.com.ar\/index.php\/wp-json\/wp\/v2\/comments?post=45"}],"version-history":[{"count":25,"href":"https:\/\/edificadorauniversal.com.ar\/index.php\/wp-json\/wp\/v2\/pages\/45\/revisions"}],"predecessor-version":[{"id":426,"href":"https:\/\/edificadorauniversal.com.ar\/index.php\/wp-json\/wp\/v2\/pages\/45\/revisions\/426"}],"wp:attachment":[{"href":"https:\/\/edificadorauniversal.com.ar\/index.php\/wp-json\/wp\/v2\/media?parent=45"}],"curies":[{"name":"wp","href":"https:\/\/api.w.org\/{rel}","templated":true}]}}